{"id":101,"date":"2018-10-11T19:46:50","date_gmt":"2018-10-11T17:46:50","guid":{"rendered":"http:\/\/compagnieduflamantnoir.com\/?page_id=101"},"modified":"2024-08-01T10:59:51","modified_gmt":"2024-08-01T08:59:51","slug":"les-spectacles","status":"publish","type":"page","link":"https:\/\/compagnieduflamantnoir.com\/index.php\/les-spectacles\/","title":{"rendered":"Spectacles"},"content":{"rendered":"<p><!-- Google tag (gtag.js) --><br \/>\n<script async src=\"https:\/\/www.googletagmanager.com\/gtag\/js?id=AW-16659724847\"><\/script><br \/>\n<script>\n  window.dataLayer = window.dataLayer || [];\n  function gtag(){dataLayer.push(arguments);}\n  gtag('js', new Date());<\/p>\n<p>  gtag('config', 'AW-16659724847');\n<\/script><\/p>\n<hr \/>\n<h3><strong><em><span style=\"text-decoration: underline;\">Trois Ruptures<\/span><\/em> de R\u00e9mi De Vos<\/strong><\/h3>\n<h3><img loading=\"lazy\" decoding=\"async\" class=\"alignnone size-medium wp-image-322\" src=\"http:\/\/compagnieduflamantnoir.com\/wp-content\/uploads\/2021\/05\/3-ruptures-V5-212x300.jpg\" alt=\"\" width=\"212\" height=\"300\" srcset=\"https:\/\/compagnieduflamantnoir.com\/wp-content\/uploads\/2021\/05\/3-ruptures-V5-212x300.jpg 212w, https:\/\/compagnieduflamantnoir.com\/wp-content\/uploads\/2021\/05\/3-ruptures-V5-724x1024.jpg 724w, https:\/\/compagnieduflamantnoir.com\/wp-content\/uploads\/2021\/05\/3-ruptures-V5-768x1087.jpg 768w, https:\/\/compagnieduflamantnoir.com\/wp-content\/uploads\/2021\/05\/3-ruptures-V5-1085x1536.jpg 1085w, https:\/\/compagnieduflamantnoir.com\/wp-content\/uploads\/2021\/05\/3-ruptures-V5-1447x2048.jpg 1447w, https:\/\/compagnieduflamantnoir.com\/wp-content\/uploads\/2021\/05\/3-ruptures-V5-scaled.jpg 1809w\" sizes=\"(max-width: 212px) 100vw, 212px\" \/><\/h3>\n<p>Une com\u00e9die de <strong>R\u00e9mi De Vos<\/strong>, mise en sc\u00e8ne par Alix Andr\u00e9ani.<\/p>\n<p>Trois couples. Trois ruptures. Trois fa\u00e7ons hilarantes, d\u00e9capantes et absurdes d\u2019en finir. Dans cette com\u00e9die de haut vol tous les coups sont permis, m\u00eame les plus bas\u2026 Surtout les plus bas\u00a0! Une femme quitte son mari sur un tango apr\u00e8s lui avoir pr\u00e9par\u00e9 un festin. Un homme avoue \u00e0 sa femme qu&rsquo;il a une aventure avec Steeve, un pompier. Un couple songe \u00e0 se quitter apr\u00e8s avoir renonc\u00e9 \u00e0 se d\u00e9barrasser de leur enfant tyrannique qu\u2019ils d\u00e9testent de tout leur c\u0153ur. Dans ces trois rounds ils vont y laisser des plumes, mais qui terminera K.O.\u00a0?<\/p>\n<p>R\u00e9mi De Vos auteur contemporain incontournable a re\u00e7u de multiples r\u00e9compenses pour ses pi\u00e8ces acerbes et hilarantes\u00a0: Moli\u00e8re du meilleur auteur, Moli\u00e8re du meilleur spectacle de cr\u00e9ation, Moli\u00e8re de la meilleure pi\u00e8ce comique) Auteur associ\u00e9 au Th\u00e9\u00e2tre du Nord, il a \u00e9crit une vingtaine de pi\u00e8ces traduites en quinze langues.<\/p>\n<p><strong>&#8211; 11 mai 2023 &#8211; <\/strong><strong>La Sucrerie , Coulommiers &#8211; <\/strong><a href=\"https:\/\/www.sortirenpaysdebrie.com\/fiche\/6329391\/trois-ruptures-theatre\/\">R\u00e9servations<\/a><\/p>\n<p><strong>&#8211; 16 mai 2023 &#8211; Festival Coye la For\u00eat &#8211;\u00a0<a href=\"https:\/\/www.festivaltheatraldecoye.com\/Spectacle.php?NumRep=16&amp;NumSp=12\">R\u00e9servations<\/a><\/strong><\/p>\n<p><a href=\"http:\/\/compagnieduflamantnoir.com\/wp-content\/uploads\/2022\/01\/Trois-ruptures-Compagnie-du-Flamant-Noir.pdf\">Dossier Trois ruptures<\/a><\/p>\n<hr \/>\n<h3><i><u>Les Trois Soeurs<\/u><\/i><strong> de Tchekhov<\/strong><\/h3>\n<p><img loading=\"lazy\" decoding=\"async\" class=\"alignnone size-medium wp-image-420\" src=\"http:\/\/compagnieduflamantnoir.com\/wp-content\/uploads\/2022\/06\/AFFICHE_LES-TROIS-SOEUR_SANS-BANDEAU-40PAR60-200x300.jpg\" alt=\"\" width=\"200\" height=\"300\" srcset=\"https:\/\/compagnieduflamantnoir.com\/wp-content\/uploads\/2022\/06\/AFFICHE_LES-TROIS-SOEUR_SANS-BANDEAU-40PAR60-200x300.jpg 200w, https:\/\/compagnieduflamantnoir.com\/wp-content\/uploads\/2022\/06\/AFFICHE_LES-TROIS-SOEUR_SANS-BANDEAU-40PAR60-683x1024.jpg 683w, https:\/\/compagnieduflamantnoir.com\/wp-content\/uploads\/2022\/06\/AFFICHE_LES-TROIS-SOEUR_SANS-BANDEAU-40PAR60-768x1152.jpg 768w, https:\/\/compagnieduflamantnoir.com\/wp-content\/uploads\/2022\/06\/AFFICHE_LES-TROIS-SOEUR_SANS-BANDEAU-40PAR60-1024x1536.jpg 1024w, https:\/\/compagnieduflamantnoir.com\/wp-content\/uploads\/2022\/06\/AFFICHE_LES-TROIS-SOEUR_SANS-BANDEAU-40PAR60-1366x2048.jpg 1366w, https:\/\/compagnieduflamantnoir.com\/wp-content\/uploads\/2022\/06\/AFFICHE_LES-TROIS-SOEUR_SANS-BANDEAU-40PAR60.jpg 1575w\" sizes=\"(max-width: 200px) 100vw, 200px\" \/><\/p>\n<p>Un an apr\u00e8s le d\u00e9c\u00e8s de leur p\u00e8re, Olga, Macha, Irina et leur fr\u00e8re Andre\u00ef vivent reclus dans leur grande maison provinciale en Russie. Ils n&rsquo;ont qu&rsquo;un r\u00eave : retourner \u00e0 Moscou.<\/p>\n<p>Mais le quotidien les happes et leurs r\u00eaveries prennent sans cesse le pas sur ce projet. Souffrant \u00e9norm\u00e9ment de la solitude, les jeunes femmes de la maison accueillent sans cesse des visiteurs, notamment des officiers de l&rsquo;arm\u00e9e, qui bouleversent un temps leur quotidien.<\/p>\n<p>Macha, mari\u00e9e tr\u00e8s jeune \u00e0 un homme qu&rsquo;elle n&rsquo;admire plus, s&rsquo;\u00e9prend d&rsquo;un commandant. Irina se voit demand\u00e9e en mariage par son ami Touzenbach. Et Olga, l&rsquo;a\u00een\u00e9e, r\u00eave de trouver son futur mari et enfin \u00ab\u00a0d&rsquo;accomplir son devoir\u00a0\u00bb&#8230;<\/p>\n<p>Les trois soeurs sont berc\u00e9es par l&rsquo;illusion d&rsquo;un paradis meilleur et par les d\u00e9sillusions du quotidien : 4 ans ont pass\u00e9 entre l&rsquo;acte I et l&rsquo;acte IV, et rien n&rsquo;a chang\u00e9<\/p>\n<div style=\"width: 656px;\" class=\"wp-video\"><!--[if lt IE 9]><script>document.createElement('video');<\/script><![endif]-->\n<video class=\"wp-video-shortcode\" id=\"video-101-1\" width=\"656\" height=\"369\" preload=\"metadata\" controls=\"controls\"><source type=\"video\/mp4\" src=\"http:\/\/compagnieduflamantnoir.com\/wp-content\/uploads\/2022\/06\/3-Srs-Teaser.mp4?_=1\" \/><a href=\"http:\/\/compagnieduflamantnoir.com\/wp-content\/uploads\/2022\/06\/3-Srs-Teaser.mp4\">http:\/\/compagnieduflamantnoir.com\/wp-content\/uploads\/2022\/06\/3-Srs-Teaser.mp4<\/a><\/video><\/div>\n<p><strong>-7 au 30 juillet 2022- Th\u00e9\u00e2tre des Brunes Avignon, 32 rue Thiers, Avignon<\/strong><\/p>\n<p><a href=\"https:\/\/www.vostickets.net\/billet?ID=THEATRE_DES_BRUNES&amp;SPC=13639\">R\u00e9servations<\/a><\/p>\n<p><a href=\"http:\/\/compagnieduflamantnoir.com\/wp-content\/uploads\/2022\/01\/Dossier-Les-trois-soeurs-0122.pdf\">Dossier Les trois soeurs<\/a><\/p>\n<hr \/>\n<h3><i><u>Aux Poings<\/u><\/i><strong> cr\u00e9ation\u00a0<\/strong><\/h3>\n<p><img loading=\"lazy\" decoding=\"async\" class=\"alignnone size-medium wp-image-320\" src=\"http:\/\/compagnieduflamantnoir.com\/wp-content\/uploads\/2021\/05\/Capture-de\u0301cran-2021-05-16-a\u0300-22.00.07-202x300.png\" alt=\"\" width=\"202\" height=\"300\" srcset=\"https:\/\/compagnieduflamantnoir.com\/wp-content\/uploads\/2021\/05\/Capture-de\u0301cran-2021-05-16-a\u0300-22.00.07-202x300.png 202w, https:\/\/compagnieduflamantnoir.com\/wp-content\/uploads\/2021\/05\/Capture-de\u0301cran-2021-05-16-a\u0300-22.00.07.png 611w\" sizes=\"(max-width: 202px) 100vw, 202px\" \/><\/p>\n<p>Au d\u00e9part, il y a deux com\u00e9diennes, Julie et Alix qui partagent la m\u00eame passion pour la boxe tha\u00ef. Pour ces po\u00e9tesses du kick, boxeuse ou com\u00e9dienne, c\u2019est le m\u00eame combat.<\/p>\n<p>Il faut jouer des coudes, se battre avec la pression, garder un moral d\u2019acier. Comment traduire au plateau tout ce qu\u2019apporte la pratique d\u2019un sport de combat dans la vie quotidienne\u00a0? Sur la sc\u00e8ne devenue ring, les rituels du shadow et ram muay vont bient\u00f4t commencer. Aux c\u00f4t\u00e9s de l\u2019arbitre, on assiste \u00e0 l\u2019entrainement de ces pratiquantes de muay tha\u00ef. Derri\u00e8re cet affrontement singulier, ce sont les combats des femmes qui se racontent.<\/p>\n<p>Des parcours parfois chaotiques comme celui de Marjolaine qui \u00e9touffe dans son sud natal et qui n\u2019a que la violence et la rage pour s\u2019exprimer. Comment ne pas se laisser \u00e9craser\u00a0? Chez elle, le bouillonnement se m\u00eale \u00e0 un espoir de transformation. Ses mod\u00e8les, ce sont toutes les femmes du monde qui ont su d\u00e9passer l\u2019enfer de leur vie pour la vivre pleinement. La boxe tha\u00ef comme lib\u00e9ration, le plateau comme r\u00e9v\u00e9lation pour d\u00e9passer la rage int\u00e9rieure.<\/p>\n<p>Comment r\u00e9\u00e9quilibrer f\u00e9minin et masculin, quitte \u00e0 pousser jusqu\u2019au K.-O.\u00a0?<\/p>\n<p><strong>-8 au 25 octobre 2019 &#8211; Th\u00e9\u00e2tre le 100 ecs, 100 Rue de Charenton, Paris<\/strong><\/p>\n<p><strong>-2 au 20 juin 2021 &#8211; Th\u00e9\u00e2tre de la Temp\u00eate, Cartoucherie de Vincennes, Paris<\/strong><\/p>\n<p><strong>-16 novembre 2021 &#8211; Th\u00e9\u00e2tre du Forum, Fr\u00e9jus<\/strong><\/p>\n<p><strong>-25 mars 2022 &#8211; Th\u00e9\u00e2tre la Ferme, Boussy Saint Antoine<\/strong><\/p>\n<hr \/>\n<h3><strong><em><span style=\"text-decoration: underline;\">Peut-\u00eatre que je m&rsquo;endors \u00e0 tes c\u00f4t\u00e9s<\/span><\/em> de Simon Vandemaelen mise en sc\u00e8ne Chlo\u00e9 Beaudet\u00a0<\/strong><\/h3>\n<p><img loading=\"lazy\" decoding=\"async\" class=\"alignnone size-medium wp-image-341\" src=\"http:\/\/compagnieduflamantnoir.com\/wp-content\/uploads\/2021\/05\/afficheBarrique2-212x300.jpg\" alt=\"\" width=\"212\" height=\"300\" srcset=\"https:\/\/compagnieduflamantnoir.com\/wp-content\/uploads\/2021\/05\/afficheBarrique2-212x300.jpg 212w, https:\/\/compagnieduflamantnoir.com\/wp-content\/uploads\/2021\/05\/afficheBarrique2-724x1024.jpg 724w, https:\/\/compagnieduflamantnoir.com\/wp-content\/uploads\/2021\/05\/afficheBarrique2-768x1086.jpg 768w, https:\/\/compagnieduflamantnoir.com\/wp-content\/uploads\/2021\/05\/afficheBarrique2-1086x1536.jpg 1086w, https:\/\/compagnieduflamantnoir.com\/wp-content\/uploads\/2021\/05\/afficheBarrique2-scaled.jpg 1810w\" sizes=\"(max-width: 212px) 100vw, 212px\" \/><\/p>\n<p>Peut-\u00eatre que je m\u2019endors \u00e0 tes c\u00f4t\u00e9s est un thriller in\u00e9dit du tr\u00e8s prometteur Simon Vandemaelen. Chlo\u00e9 Beaudet signe la premi\u00e8re adaptation de cette pi\u00e8ce pleine de suspens.<\/p>\n<p>Cassandre, une jeune femme enti\u00e8re et combative, g\u00e8re seule son bar depuis que l\u2019homme qu\u2019elle aime s\u2019est volatilis\u00e9. Pourquoi ?! Et surtout comment a-t-il disparu ?<br \/>\nMatthias, ce nouvel ami exub\u00e9rant apparu subitement, a-t-il quelque chose \u00e0 voir avec cette disparition ?<br \/>\nLorsqu\u2019un homme excentrique d\u00e9barque et insiste pour poser des questions sur sa disparition, Cassandre est oblig\u00e9e de se confronter \u00e0 son histoire d\u2019amour bris\u00e9e et d\u2019affronter une r\u00e9alit\u00e9 difficile \u00e0 accepter.<br \/>\nA la mani\u00e8re de Christopher Nolan et David Lynch, le duo Vandemaelen &#8211; Beaudet nous plonge au c\u0153ur d\u2019un univers \u00e9trange et passionnant, sombre et envo\u00fbtant, myst\u00e9rieux et sensuel.<\/p>\n<p><a href=\"http:\/\/compagnieduflamantnoir.com\/wp-content\/uploads\/2021\/06\/Dossier-a\u0300-tes-co\u0302te\u0301s.pdf\">Dossier a\u0300 tes co\u0302te\u0301s<\/a><\/p>\n<p><strong>-7 au 31 juillet 2021- <\/strong><strong>Th\u00e9\u00e2tre des Barriques, 8 rue Ledru Rollin, Avignon<\/strong><\/p>\n<hr \/>\n<p>2014 &#8211; 2015 <strong><span style=\"text-decoration: underline;\"><em>Alexandre le Grand<\/em><\/span> de Jean Racine<\/strong><\/p>\n<p>Spectacle prim\u00e9 au Festival des Automnales en 2015<\/p>\n<p><img loading=\"lazy\" decoding=\"async\" class=\"alignnone size-medium wp-image-85\" src=\"http:\/\/compagnieduflamantnoir.com\/wp-content\/uploads\/2018\/10\/10276985_432796126860550_7852998341893853325_n-300x169.jpg\" alt=\"\" width=\"300\" height=\"169\" srcset=\"https:\/\/compagnieduflamantnoir.com\/wp-content\/uploads\/2018\/10\/10276985_432796126860550_7852998341893853325_n-300x169.jpg 300w, https:\/\/compagnieduflamantnoir.com\/wp-content\/uploads\/2018\/10\/10276985_432796126860550_7852998341893853325_n-768x432.jpg 768w, https:\/\/compagnieduflamantnoir.com\/wp-content\/uploads\/2018\/10\/10276985_432796126860550_7852998341893853325_n.jpg 960w\" sizes=\"(max-width: 300px) 100vw, 300px\" \/><\/p>\n<hr \/>\n","protected":false},"excerpt":{"rendered":"<p>Trois Ruptures de R\u00e9mi De Vos Une com\u00e9die de R\u00e9mi De Vos, mise en sc\u00e8ne par Alix Andr\u00e9ani. Trois couples. Trois ruptures. Trois fa\u00e7ons hilarantes, d\u00e9capantes et absurdes d\u2019en finir. Dans cette com\u00e9die de haut vol tous les coups sont permis, m\u00eame les plus bas\u2026 Surtout les plus bas\u00a0! Une femme quitte son mari sur &hellip; <a href=\"https:\/\/compagnieduflamantnoir.com\/index.php\/les-spectacles\/\" class=\"more-link\">Lire la suite <span class=\"screen-reader-text\">Spectacles<\/span><\/a><\/p>\n","protected":false},"author":1,"featured_media":0,"parent":0,"menu_order":0,"comment_status":"closed","ping_status":"closed","template":"","meta":{"footnotes":""},"_links":{"self":[{"href":"https:\/\/compagnieduflamantnoir.com\/index.php\/wp-json\/wp\/v2\/pages\/101"}],"collection":[{"href":"https:\/\/compagnieduflamantnoir.com\/index.php\/wp-json\/wp\/v2\/pages"}],"about":[{"href":"https:\/\/compagnieduflamantnoir.com\/index.php\/wp-json\/wp\/v2\/types\/page"}],"author":[{"embeddable":true,"href":"https:\/\/compagnieduflamantnoir.com\/index.php\/wp-json\/wp\/v2\/users\/1"}],"replies":[{"embeddable":true,"href":"https:\/\/compagnieduflamantnoir.com\/index.php\/wp-json\/wp\/v2\/comments?post=101"}],"version-history":[{"count":60,"href":"https:\/\/compagnieduflamantnoir.com\/index.php\/wp-json\/wp\/v2\/pages\/101\/revisions"}],"predecessor-version":[{"id":525,"href":"https:\/\/compagnieduflamantnoir.com\/index.php\/wp-json\/wp\/v2\/pages\/101\/revisions\/525"}],"wp:attachment":[{"href":"https:\/\/compagnieduflamantnoir.com\/index.php\/wp-json\/wp\/v2\/media?parent=101"}],"curies":[{"name":"wp","href":"https:\/\/api.w.org\/{rel}","templated":true}]}}