{"id":288,"date":"2020-05-08T19:50:09","date_gmt":"2020-05-08T17:50:09","guid":{"rendered":"http:\/\/compagnieduflamantnoir.com\/?page_id=288"},"modified":"2024-08-01T11:00:35","modified_gmt":"2024-08-01T09:00:35","slug":"eloquente-entreprises","status":"publish","type":"page","link":"https:\/\/compagnieduflamantnoir.com\/index.php\/eloquente-entreprises\/","title":{"rendered":"\u00c9loquente : Solutions Entreprises"},"content":{"rendered":"<head> <!-- Google tag (gtag.js) -->\r\n<script async src=\"https:\/\/www.googletagmanager.com\/gtag\/js?id=AW-16659724847\"><\/script>\r\n<script>\r\n  window.dataLayer = window.dataLayer || [];\r\n  function gtag(){dataLayer.push(arguments);}\r\n  gtag('js', new Date());\r\n\r\n  gtag('config', 'AW-16659724847');\r\n<\/script>\r\n<p><em><strong><img loading=\"lazy\" decoding=\"async\" class=\"alignnone size-medium wp-image-484\" src=\"http:\/\/compagnieduflamantnoir.com\/wp-content\/uploads\/2022\/12\/teambuilding-local-300x159.jpeg\" alt=\"\" width=\"300\" height=\"159\" srcset=\"https:\/\/compagnieduflamantnoir.com\/wp-content\/uploads\/2022\/12\/teambuilding-local-300x159.jpeg 300w, https:\/\/compagnieduflamantnoir.com\/wp-content\/uploads\/2022\/12\/teambuilding-local-768x408.jpeg 768w, https:\/\/compagnieduflamantnoir.com\/wp-content\/uploads\/2022\/12\/teambuilding-local.jpeg 1010w\" sizes=\"(max-width: 300px) 100vw, 300px\" \/>\u00a0<\/strong><\/em><\/p>\r\n<p><strong>\u00c9loquente : votre outil de team building<\/strong><\/p>\r\n\r\n\r\n\r\n<p>Les membres de la compagnie ont \u00e0 coeur de transmettre leur savoir et de le mettre au service de vos salari\u00e9s. Gr\u00e2ce \u00e0 leur exp\u00e9rience p\u00e9dagogique et leur savoir faire technique, les intervenants renforceront la coh\u00e9sion au sein de vos \u00e9quipes.<\/p>\r\n\r\n\r\n\r\n<p><strong><em><a href=\"mailto:eloquente.massilia@gmail.com\">eloquente.massilia@gmail.com<\/a><\/em><\/strong><\/p>\r\n\r\n\r\n\r\n<p><em>06-38-64-67-08<\/em><\/p>\r\n\r\n\r\n<hr class=\"wp-block-separator has-alpha-channel-opacity\" \/>\r\n\r\n\r\n<p class=\"has-black-color has-text-color\"><strong>Prise de parole<\/strong><\/p>\r\n\r\n\r\n\r\n<p>Gr\u00e2ce \u00e0 notre coach r\u00e9f\u00e9rente du <strong>Cours Florent<\/strong> \u00e0 Marseille, offrez \u00e0 vos \u00e9quipe la libert\u00e9 de s&rsquo;exprimer en public :<\/p>\r\n\r\n\r\n\r\n<div class=\"wp-block-file\"><strong><em><a id=\"wp-block-file--media-460f2741-0cbf-475a-b3a7-0e9d2c4c3731\" href=\"http:\/\/compagnieduflamantnoir.com\/wp-content\/uploads\/2022\/12\/Eloquente-Prise-de-Parole.pdf\">E\u0301loquente Prise de Parole<\/a> <a class=\"wp-block-file__button wp-element-button\" href=\"http:\/\/compagnieduflamantnoir.com\/wp-content\/uploads\/2022\/12\/Eloquente-Prise-de-Parole.pdf\" download=\"\" aria-describedby=\"wp-block-file--media-460f2741-0cbf-475a-b3a7-0e9d2c4c3731\">T\u00e9l\u00e9charger<\/a><\/em><\/strong><\/div>\r\n<div><img loading=\"lazy\" decoding=\"async\" class=\"alignnone size-medium wp-image-477\" src=\"http:\/\/compagnieduflamantnoir.com\/wp-content\/uploads\/2022\/12\/Capture-decran-2022-12-15-a-12.01.53-247x300.png\" alt=\"\" width=\"247\" height=\"300\" srcset=\"https:\/\/compagnieduflamantnoir.com\/wp-content\/uploads\/2022\/12\/Capture-decran-2022-12-15-a-12.01.53-247x300.png 247w, https:\/\/compagnieduflamantnoir.com\/wp-content\/uploads\/2022\/12\/Capture-decran-2022-12-15-a-12.01.53.png 737w\" sizes=\"(max-width: 247px) 100vw, 247px\" \/><\/div>\r\n\r\n\r\n<hr class=\"wp-block-separator has-alpha-channel-opacity\" \/>\r\n\r\n\r\n<p><strong>Leadership F\u00e9minin<\/strong><\/p>\r\n\r\n\r\n\r\n<p>Vos \u00e9quipes f\u00e9minines vont enfin briser leur <strong>plafond de verre<\/strong> gr\u00e2ce \u00e0 notre coach sp\u00e9cialis\u00e9e :<\/p>\r\n\r\n\r\n\r\n<div class=\"wp-block-file\"><strong><em><a id=\"wp-block-file--media-b412644e-ea4b-4042-9806-aab318562c83\" href=\"http:\/\/compagnieduflamantnoir.com\/wp-content\/uploads\/2022\/12\/Eloquente-Leadership-Feminin.pdf\">E\u0301loquente Leadership Fe\u0301minin<\/a><a class=\"wp-block-file__button wp-element-button\" href=\"http:\/\/compagnieduflamantnoir.com\/wp-content\/uploads\/2022\/12\/Eloquente-Leadership-Feminin.pdf\" download=\"\" aria-describedby=\"wp-block-file--media-b412644e-ea4b-4042-9806-aab318562c83\"> T\u00e9l\u00e9charger<\/a><\/em><\/strong><\/div>\r\n<div><img loading=\"lazy\" decoding=\"async\" class=\"alignnone size-medium wp-image-478\" src=\"http:\/\/compagnieduflamantnoir.com\/wp-content\/uploads\/2022\/12\/Capture-decran-2022-12-15-a-12.02.18-248x300.png\" alt=\"\" width=\"248\" height=\"300\" srcset=\"https:\/\/compagnieduflamantnoir.com\/wp-content\/uploads\/2022\/12\/Capture-decran-2022-12-15-a-12.02.18-248x300.png 248w, https:\/\/compagnieduflamantnoir.com\/wp-content\/uploads\/2022\/12\/Capture-decran-2022-12-15-a-12.02.18.png 738w\" sizes=\"(max-width: 248px) 100vw, 248px\" \/><\/div>\r\n\r\n\r\n<hr class=\"wp-block-separator has-alpha-channel-opacity\" \/>\r\n\r\n\r\n<p><strong>Initiation \u00e0 la boxe tha\u00eflandaise<\/strong><\/p>\r\n\r\n\r\n\r\n<p>Offrez une initiation ou un cours r\u00e9gulier dispens\u00e9 par des grand(e)s champion(ne)s de la boxe tha\u00eflandaise \u00e0 vos salari\u00e9s :<\/p>\r\n\r\n\r\n\r\n<div class=\"wp-block-file\"><strong><em><a id=\"wp-block-file--media-540c5134-79f6-4996-90d1-254996191466\" href=\"http:\/\/compagnieduflamantnoir.com\/wp-content\/uploads\/2022\/12\/Activite-boxe.pdf\">Activite\u0301 boxe<\/a> <a class=\"wp-block-file__button wp-element-button\" href=\"http:\/\/compagnieduflamantnoir.com\/wp-content\/uploads\/2022\/12\/Activite-boxe.pdf\" download=\"\" aria-describedby=\"wp-block-file--media-540c5134-79f6-4996-90d1-254996191466\">T\u00e9l\u00e9charger<\/a><\/em><\/strong><\/div>\r\n<div><img loading=\"lazy\" decoding=\"async\" class=\"alignnone size-medium wp-image-480\" src=\"http:\/\/compagnieduflamantnoir.com\/wp-content\/uploads\/2022\/12\/Capture-decran-2022-12-15-a-12.06.53-236x300.png\" alt=\"\" width=\"236\" height=\"300\" srcset=\"https:\/\/compagnieduflamantnoir.com\/wp-content\/uploads\/2022\/12\/Capture-decran-2022-12-15-a-12.06.53-236x300.png 236w, https:\/\/compagnieduflamantnoir.com\/wp-content\/uploads\/2022\/12\/Capture-decran-2022-12-15-a-12.06.53.png 750w\" sizes=\"(max-width: 236px) 100vw, 236px\" \/><\/div>\r\n\r\n\r\n<hr class=\"wp-block-separator has-alpha-channel-opacity\" \/>","protected":false},"excerpt":{"rendered":"<p>\u00a0 \u00c9loquente : votre outil de team building Les membres de la compagnie ont \u00e0 coeur de transmettre leur savoir et de le mettre au service de vos salari\u00e9s. Gr\u00e2ce \u00e0 leur exp\u00e9rience p\u00e9dagogique et leur savoir faire technique, les intervenants renforceront la coh\u00e9sion au sein de vos \u00e9quipes. eloquente.massilia@gmail.com 06-38-64-67-08 Prise de parole Gr\u00e2ce &hellip; <a href=\"https:\/\/compagnieduflamantnoir.com\/index.php\/eloquente-entreprises\/\" class=\"more-link\">Lire la suite <span class=\"screen-reader-text\">\u00c9loquente : Solutions Entreprises<\/span><\/a><\/p>\n","protected":false},"author":1,"featured_media":0,"parent":0,"menu_order":0,"comment_status":"closed","ping_status":"closed","template":"","meta":{"footnotes":""},"_links":{"self":[{"href":"https:\/\/compagnieduflamantnoir.com\/index.php\/wp-json\/wp\/v2\/pages\/288"}],"collection":[{"href":"https:\/\/compagnieduflamantnoir.com\/index.php\/wp-json\/wp\/v2\/pages"}],"about":[{"href":"https:\/\/compagnieduflamantnoir.com\/index.php\/wp-json\/wp\/v2\/types\/page"}],"author":[{"embeddable":true,"href":"https:\/\/compagnieduflamantnoir.com\/index.php\/wp-json\/wp\/v2\/users\/1"}],"replies":[{"embeddable":true,"href":"https:\/\/compagnieduflamantnoir.com\/index.php\/wp-json\/wp\/v2\/comments?post=288"}],"version-history":[{"count":27,"href":"https:\/\/compagnieduflamantnoir.com\/index.php\/wp-json\/wp\/v2\/pages\/288\/revisions"}],"predecessor-version":[{"id":527,"href":"https:\/\/compagnieduflamantnoir.com\/index.php\/wp-json\/wp\/v2\/pages\/288\/revisions\/527"}],"wp:attachment":[{"href":"https:\/\/compagnieduflamantnoir.com\/index.php\/wp-json\/wp\/v2\/media?parent=288"}],"curies":[{"name":"wp","href":"https:\/\/api.w.org\/{rel}","templated":true}]}}